4)/51*(-6)/f a multiple of 42?
False
Let x = 23 - 15. Suppose x = -0*i - i. Let a(j) = -j + 7. Is a(i) even?
False
Suppose 0 = 3*u - 2*u - 37. Does 6 divide (-1 + u)*(-26)/(-39)?
True
Suppose 456 = 14*n - 12*n. Is n a multiple of 19?
True
Let z = -22 + 22. Suppose 2*n + 3*c - 55 = z, 4*c + 80 = -n + 6*n. Is n a multiple of 20?
True
Suppose 43*n + 704 = 4*h + 39*n, -5*n = 0. Is 6 a factor of h?
False
Let t(v) = -v + 7. Let n be t(4). Suppose 4 = -4*p, -j - 2*p + 5 = n. Suppose 2*u - 70 = 5*h, 0*h + j*h = -4*u + 112. Does 10 divide u?
True
Suppose -3*g = -5*g - 8. Does 8 divide ((-10)/75*-48)/(g/(-50))?
True
Suppose -s - 79 = -x + 42, -4*x = s - 489. Suppose -2*m = -3*u - x + 14, 0 = 4*m - 4*u - 208. Is 12 a factor of m?
True
Suppose 3*j - 45 = 4*b, -3*b - 31 = -2*j - 0*b. Does 2 divide j?
False
Let u(x) = 24*x. Let a(d) = d + 1. Let o(h) = 16*a(h) - u(h). Let k be o(-5). Suppose 4*l = k + 84. Does 13 divide l?
False
Does 34 divide ((-126)/24)/((-12)/1456)?
False
Let y(b) = 85*b**2 - 10*b + 6. Is 12 a factor of y(2)?
False
Let u = -161 - -401. Is u a multiple of 15?
True
Let x(z) = 4*z - 1. Let s be x(4). Let v = -25 + s. Is 15 a factor of 12*v*(-9)/24?
True
Let y(d) = d**3 - 2*d**2 - d + 2. Let t be y(3). Let g(w) = w**3 - 7*w**2 + w + 6. Let r be g(t). Suppose 3*v - r = v. Does 9 divide v?
False
Let k(p) = -p + 5. Let z(j) = -j**2 + 2*j - 1. Let g be z(1). Let v be k(g). Suppose 0*t = -v*a - 2*t + 127, 1 = t. Is 7 a factor of a?
False
Suppose -4*w = -2*j - 2968, w - 13*j = -8*j + 742. Is w a multiple of 53?
True
Suppose -q - 20 = 3*q. Let r = 87 + -16. Let d = r + q. Is 22 a factor of d?
True
Is -9*13/(325/(-1320))*5 a multiple of 6?
True
Suppose 2*q - 2*i - 21 = 65, 4*i = -4*q + 172. Does 4 divide q?
False
Let p(z) = -z**2 + 3*z + 2. Let w be p(3). Suppose -15 = -i - f - 2*f, w*i - 5*f + 14 = 0. Is i a multiple of 3?
True
Suppose -6171 = 21*d - 32*d. Is d a multiple of 17?
True
Let b = 948 - 500. Is 56 a factor of b?
True
Let y = 44 + -174. Let i(t) = -t**3 - 8*t**2 - t + 5. Let a be i(-6). Let m = a - y. Is 23 a factor of m?
True
Suppose 2*x - 3*z + 615 = 3026, -3*x = 3*z - 3624. Does 17 divide x?
True
Let q = -1 - -4. Let k = -82 + 86. Suppose -q*l + 22 = 5*y - 24, y = -k. Is l a multiple of 14?
False
Let k(p) = -p + 10. Let d be k(6). Suppose u - d = -u. Suppose c - u*n - 2 = 36, -3*c = -4*n - 104. Is 14 a factor of c?
True
Suppose 6*z = 4*z. Suppose -3*s + 5 - 2 = z. Does 10 divide (0 - 7)/(s/(-7))?
False
Let l = 123 + -128. Does 4 divide l*(-4)/30*-3 - -22?
True
Let r(z) = -z - 5. Let g = -11 - -7. Let v be r(g). Is 8 a factor of (-7)/(7/16)*v?
True
Suppose -2*o = -4*v - 652, -2*v - 366 + 32 = 3*o. Let r = v - -285. Is r a multiple of 11?
True
Let t be 7/21 - (-1806)/9. Suppose -12*o + 123 = -t. Is o a multiple of 9?
True
Let o(q) = q - 4. Let j be o(4). Suppose -3 = -3*l - j. Is 14 a factor of 12/l - (-10)/5?
True
Let x(p) = p**3 + 3*p**2 - 2*p + 4. Let k be x(4). Suppose 4*m + 0*m - k = 0. Suppose l + m = u - 22, -241 = -4*u - 5*l. Does 10 divide u?
False
Let k = -15 - -80. Is k/(-5)*(2 - 5) a multiple of 13?
True
Let r(w) = -w + 11. Let j be r(6). Suppose s + 0*s - k - 1 = 0, j*k = 20. Suppose -4*z - 90 = -s*z. Does 15 divide z?
True
Let v = 1204 - 853. Is v a multiple of 27?
True
Let d(j) = j**3 - 14*j**2 - 16*j - 1. Let z be d(15). Let m = z - -20. Suppose -180 = -m*k + 92. Is k a multiple of 34?
True
Let w(o) = -o**3 + 2*o**2 + 3*o + 2. Let b be w(3). Let g be (b - -2) + -17 + -3. Let t(a) = a + 23. Is 2 a factor of t(g)?
False
Suppose 0 = -0*q + 4*q - 264. Let m = -23 - -14. Does 12 divide (-24)/m*q/4?
False
Suppose h + 1 = 4*j - 0*j, h = 5*j - 1. Suppose j = -v + 4 - 0. Let p = v + 15. Is p a multiple of 12?
False
Suppose -10*b = -6*b - 616. Is 7 a factor of b?
True
Is (-1924)/(-10) - 12/30 a multiple of 11?
False
Suppose -18*t = -14831 - 14239. Does 17 divide t?
True
Let d be ((-1)/2)/((-2)/(-16)*4). Let f = d + 89. Does 44 divide f?
True
Let r = 19 + -15. Let v = r + 1. Suppose -3*w + 31 = 2*s, -w = v*s - 2*s - 15. Does 2 divide w?
False
Let d(r) = -3*r + 114. Does 3 divide d(32)?
True
Suppose 16 = 4*p, 2*p = -3*y + 4780 + 5998. Is 47 a factor of y?
False
Let i = -29 + -1. Let g be ((-2)/6)/(5/i). Does 21 divide (-189)/(-6) - g/(-4)?
False
Let y(v) = -v - 1. Let j(p) = 12*p + 6. Let q(s) = -4*j(s) - 44*y(s). Is q(-14) a multiple of 14?
False
Suppose -t + 2*t + 2*z = 0, -4*t - 40 = -2*z. Let w = 24 + t. Is 15 a factor of 372/w - (-1)/(-4)?
False
Let k(i) = -5*i - 4. Let a(d) = -5*d + d - 3*d - 1. Let h be a(1). Is 17 a factor of k(h)?
False
Let u be 7/49 - 2/14. Suppose u = 4*w - 2*w - 2. Does 17 divide (2 + 3)*w*12?
False
Let w = -1903 - -2882. Is 17 a factor of w?
False
Let w(m) = -m**2 + 12*m - 25. Let z be w(4). Let x be (-1 + 1)/(3 + -1). Let c = z - x. Is c a multiple of 7?
True
Suppose -4*u = -5*w + 3464, 5*u + 676 = -2*w + 3*w. Is 49 a factor of w?
False
Let p = 72 + -45. Let v = p - 25. Is v/(4/34) + 0 a multiple of 13?
False
Let o = 1166 + -551. Is 23 a factor of o?
False
Suppose -3*p - 5*v = -23, 3*v - 17 = -2*p - 2*v. Let m(q) = 2*q**2 + 5*q - 12. Does 10 divide m(p)?
True
Suppose 0 = j + 5*c - 19, -5*j + 72 = 2*c. Let q be 0*2/4 - 0. Suppose -x + q = -j. Does 14 divide x?
True
Suppose -14*v + 580 + 1380 = 0. Is v a multiple of 5?
True
Let u = 8007 - 4185. Is 13 a factor of u?
True
Let t(m) = 8*m - 1. Let y(i) = i**3 - 5*i**2 + 7*i - 4. Let g be y(4). Let z be t(g). Suppose -z = -3*v - 6*u + 3*u, -3*v + 4*u = -63. Is 7 a factor of v?
True
Suppose 5*h = 12*h + 364. Let t = -45 - h. Is 2 a factor of t?
False
Let u(f) = -122*f**3 - 3*f**2 - f + 1. Is 11 a factor of u(-1)?
True
Let u(x) = x**3 - 2*x**2 + x - 1. Let m be u(0). Is 13 a factor of ((-26)/m)/((-2)/(16/(-4)))?
True
Suppose 161 - 17 = 3*v. Suppose 5*w - v = 2*h, -2*w + 3 = -4*h - 13. Let l(c) = c**2 - 9*c - 2. Is l(w) even?
True
Suppose -336*f = -329*f - 2688. Does 12 divide f?
True
Let n(r) be the second derivative of -r**3/2 + 8*r**2 - 3*r. Is 7 a factor of n(-13)?
False
Suppose 295 = 5*d - 5*r, 4*d + 23*r = 18*r + 281. Is d even?
True
Suppose 2*v = -i - 5 + 43, -5*v + 95 = 5*i. Suppose 0 = 2*g + f, -g - 3*f - 8 = -3*g. Let q = v + g. Is q a multiple of 12?
False
Let c = 239 + 499. Is c a multiple of 12?
False
Let q = -13 - -7. Suppose 0 = -7*z + 2*z, 5*z - 63 = 3*n. Is 15 a factor of 4/q + (-959)/n?
True
Let f(u) = 5*u**2 - 14*u - 21. Let l(q) = q**2 - q - 1. Let o(n) = f(n) - 2*l(n). Let b be o(-6). Let z = b + -93. Does 11 divide z?
False
Suppose -15*x - 8208 = -39*x. Does 4 divide x?
False
Let i be 6/18 - (-118)/6. Suppose -b - 4*p + i = 0, 3*b - 5*p - 54 = 57. Is 7 a factor of b?
False
Suppose 6*u - 70 = -8*u. Suppose -2*j + 441 = u*o, -4*o + 1077 = -j + 6*j. Does 25 divide j?
False
Let k(w) = -3 + 60*w + 25 + 7*w**2 - 59*w. Does 13 divide k(-4)?
True
Let z = -582 + 856. Suppose 2*a = -5*g + 344, -4*g + 2*a + z = 4*a. Suppose 4*j - 94 = 5*l, -3*l - g - 41 = -5*j. Is j a multiple of 12?
False
Suppose 0*m - 2*m = p + 2, -2*p = -2*m - 8. Suppose 15*y + y - 112 = 0. Suppose 128 = 4*q - y*b + p*b, -94 = -2*q - 5*b. Is 9 a factor of q?
False
Let l = 43 - -209. Is 14 a factor of l?
True
Let d(n) = -16*n + 24. Is d(-9) a multiple of 11?
False
Suppose -19*o = -82*o + 55440. Is o a multiple of 16?
True
Let v = -383 - -227. Let a = v - -105. Is 17 a factor of a*(2/(-2) + 0)?
True
Let r = -328 - -1684. Is 11 a factor of r?
False
Let y(t) = -53*t**3 - t**2 - t. Let s be 4 - (31/6 + 4/(-24)). Is 8 a factor of y(s)?
False
Suppose -3*x = 3*l - 9, 0 = 5*l - 0*x - 4*x + 21. Is (-12)/18*(-35 + l) a multiple of 9?
False
Let g(a) be the first derivative of -a**4/4 - 4*a**3 - 13*a**2/2 - 14*a - 1. Let f be g(-11). Let x(l) = -l**2 + 10*l - 3. Is 7 a factor of x(f)?
False
Let d(b) = b**3 - 9*b**2 - 9*b - 8. Let g be d(10). Suppose -2*r - 18 = 4*x, -5*r + 2*x + x + 7 = 0. Is 6 a factor of (g/r)/((-3)/48)?
False
Let w(x) = x**2 + 11*x - 4. Let h be w(-5). Let y = 8 - h. Is y a multiple of 7?
True
Let w(v) = -v**3 + 6*v**2 - 8*v + 5. Let n be w(6). Let r(h) = h**3 + 11*h**2 + 17*h + 2. Let c be r(-7). Let d = n + c. Does 9 divide d?
True
Is 5 a factor of 1/((-5)/15) + (-166)/(-1)?
False
Let d(m) = -2*m**3 - 12*m**2 + 64. Is 8 a factor of d(-8)?
True
Suppose -3*u + u = 4. Is 